o + i + 300 = g. Calculate the remainder when o is divided by 15.
14
Let i(c) = 3*c**2 - 4*c - 1. Suppose 2*j + 5*a - 7 = 0, 4*j - 5*a = -3*a + 74. Calculate the remainder when i(4) is divided by j.
15
Suppose -2 = y - g, 2*g + 1 = -y + 5. Suppose -5*i + 0*i + 3*w + 17 = y, 3*w - 15 = -3*i. Calculate the remainder when 11 is divided by i.
3
Suppose 54 + 102 = 4*k. Calculate the remainder when k is divided by 10.
9
Let x(i) = -i**2 + 7*i + 10. Let l be x(7). Let q = l + -5. Calculate the remainder when 9 is divided by q.
4
Suppose -5*w - l = -24, 4*w - 24 = 2*l - 4*l. Suppose w*q - 6*q + 32 = 0. What is the remainder when 31 is divided by q?
15
Let o = -41 + 46. Let m = -14 - -28. Calculate the remainder when m is divided by o.
4
Let s = -28 - -47. Calculate the remainder when 67 is divided by s.
10
Suppose b = 0, 5*g + 4*b - 2*b = 5. What is the remainder when 1/(((-2)/2)/((-2)/2)) is divided by g?
0
Suppose 113 = 5*z - 87. Calculate the remainder when 157 is divided by z.
37
Let h(c) = c - 3. Let u be h(3). Suppose 0 = w - x - 37, u = -w - w + x + 71. What is the remainder when w is divided by 30/(-1)*4/(-10)?
10
Let k(c) = -8*c**3 - 2*c**2 - 2. Let m be k(2). Let p = -52 - m. What is the remainder when p is divided by 6?
4
Let s = 11 + -3. What is the remainder when 13 is divided by s?
5
Let n = 25 + -11. Suppose -i = 4*w, -5*i - n = -i + 2*w. Let x = i - -10. What is the remainder when 11 is divided by x?
5
Suppose 6 + 3 = 3*g. Suppose k = g*k. Suppose k = -3*z + 46 + 122. Calculate the remainder when z is divided by 19.
18
Calculate the remainder when (-65 + 1/(-1))/(-2) is divided by 12.
9
Suppose 2*o + s + s - 180 = 0, 0 = -o + 4*s + 70. What is the remainder when o is divided by 22?
20
Let x = -98 + 112. What is the remainder when 94 is divided by x?
10
Suppose -12 - 53 = -5*p. What is the remainder when p is divided by 7?
6
Suppose 4*q - q - 3 = 0. Suppose -m - q = -3. Suppose m*c - c = 11. Calculate the remainder when 31 is divided by c.
9
Let o = -24 - -19. Let m = o - -19. What is the remainder when 53 is divided by m?
11
What is the remainder when 3/(-12) - 177/(-4) is divided by 23?
21
Suppose -4*c + 26 = d, 30 = 2*d + d - 4*c. Suppose -4*a - 24 = -l, 3*l = -0*l + 2*a + 32. Calculate the remainder when d is divided by l.
6
Let k = 10 - 5. What is the remainder when (2/k)/((-5)/(-250)) is divided by 11?
9
Let h = -79 + 80. Calculate the remainder when 3 is divided by h.
0
Let r(l) = l**3 - 7*l**2 - 10*l + 27. Calculate the remainder when r(9) is divided by 21.
15
Let s(l) = 4*l - 5. Calculate the remainder when s(13) is divided by 12.
11
Suppose 4*w = -t - 0*t - 75, -3*w - 54 = 3*t. Let x = -9 - w. What is the remainder when 28 is divided by x?
8
Let b(g) = -3*g**2. Let u be b(1). What is the remainder when (-30 + 1)*u/3 is divided by 10?
9
Let q(o) = -o**2 + o + 4. Let f be q(0). Suppose 3*v + f*l - 21 = -3, l + 6 = v. Calculate the remainder when v is divided by 3.
0
Let d = -7 + -2. Suppose 0 = -5*j + 14 + 71. Let p = d + j. Calculate the remainder when 23 is divided by p.
7
Let l be ((-21)/14)/(6/(-16)). Let v be -3*(120/9)/l. Calculate the remainder when (-6)/v*(5 - -10) is divided by 6.
3
Calculate the remainder when 23 is divided by ((-54)/12)/(2/(-4)).
5
Let s(x) = -3*x**3 + x**2 + 2*x. What is the remainder when s(-2) is divided by 5?
4
Let d(o) = o - 8. Let a = -12 - -13. Calculate the remainder when a is divided by d(9).
0
Let h = -1 + 1. Let p be (h - 0) + (-36)/(-3). Suppose 0 = 2*w - 2 - p. What is the remainder when 12 is divided by w?
5
Let v(d) = -2*d**3 - 2*d**2 - 3*d - 4. What is the remainder when v(-2) is divided by 7?
3
Suppose -6 = -m + 12. Let f(x) = -x**2 + 16*x - 7. What is the remainder when f(6) is divided by m?
17
Suppose 85*z - 72*z - 39 = 0. Let h be -1*(1*-19 - -1). Suppose 2*v - h = -4. Calculate the remainder when v is divided by z.
1
Suppose i = 3*i - 8. Let d = -17 - i. Let z = -6 - d. What is the remainder when 44 is divided by z?
14
Suppose 2*r = 5*c + 17, -2*r + 3*c = r - 30. Let k = 28 + 4. What is the remainder when k is divided by r?
10
Suppose -3*w + 197 = 4*c, 5*c = 7*w - 3*w + 285. What is the remainder when c is divided by 28?
25
Let s = 145 + -87. What is the remainder when s is divided by 30?
28
Suppose 4*b = -6 + 94. What is the remainder when 42 is divided by b?
20
Let m(y) = -11*y**3 - 9*y**2 - 17*y - 12. Let i(h) = 7*h**3 + 6*h**2 + 11*h + 8. Let p(k) = -8*i(k) - 5*m(k). What is the remainder when p(-3) is divided by 2?
1
Let m be 1/(-1) - (2 + -17). What is the remainder when -6*(m/(-4) + -1) is divided by 10?
7
Suppose -3*l + 2 + 1 = -4*k, k = 5*l - 5. Calculate the remainder when l is divided by 1.
0
Suppose -6*x + 50 = -x. Let s(k) = -6*k + 2 - 4 + 4 + k**2 + 2. Calculate the remainder when x is divided by s(6).
2
Suppose -11 = l - 15. What is the remainder when l is divided by 3?
1
Let k(y) = y + 6. Let v be k(-6). Suppose v = h + h + 2*b - 4, 0 = -4*h + 3*b + 8. Calculate the remainder when h is divided by 2.
0
Suppose 4*f - 60 = -2*f. What is the remainder when 38 is divided by f?
8
What is the remainder when 1/(2*2/12) is divided by 3?
0
Suppose 3*m = 18 - 6. Let i(r) = 3*r**2 - 3*r + 4. Suppose 12*y - 11*y - 14 = 0. Calculate the remainder when i(m) is divided by y.
12
Suppose 4*i = i - 12. Let f = i - -6. Let b(u) = -6*u**3 - 2*u**2 - 2*u - 1. Calculate the remainder when b(-1) is divided by f.
1
Let l = 0 + 0. Let i(q) = -q**3 - 11 - 11*q**2 - 10*q + l*q - 3*q. Calculate the remainder when i(-10) is divided by 10.
9
Let s be ((-3)/(-9))/((-1)/3). What is the remainder when 7 is divided by -2*1*(-2 - s)?
1
Let d(a) = 10*a**3 - 3*a**3 + 17*a**2 - 16*a**2 - 2*a. Let o be d(-3). Calculate the remainder when -1 + (-1)/(3/o) is divided by 15.
12
Let g = 1 + 8. Calculate the remainder when 26 is divided by g.
8
Suppose v + 38 = 3*v. Let l(w) = -w**3 - 11*w**2 + 2*w + 8. Let o be l(-11). Calculate the remainder when v is divided by 4/o + (-255)/(-35).
5
Let p(u) = 3*u + 17. Calculate the remainder when p(7) is divided by 13.
12
Suppose 0 = -a - 6 - 0. Calculate the remainder when 12 is divided by (1 - a*1) + 0.
5
Suppose -36 = -7*l + 3*l. Let g(c) be the second derivative of 2*c**3/3 - 3*c**2/2 + 2*c. Calculate the remainder when l is divided by g(2).
4
Let o(c) = -c**3 + 7*c**2 + 10*c - 8. Let x be o(8). Let i = 14 + x. Calculate the remainder when i is divided by 12.
10
Let r(q) = q + 16. Calculate the remainder when r(-14) is divided by 2.
0
Let n(a) = 11*a**2 + 6*a - 5. What is the remainder when n(3) is divided by 30?
22
Suppose 0 = k + 3*k - 96. Suppose 3*z = -6 + 45. What is the remainder when k is divided by z?
11
Let r = -3 + 2. Let z(m) = 3*m - 1. Let j be z(r). Calculate the remainder when (-42)/(-9) - j/(-6) is divided by 2.
0
Let s = 80 - -27. What is the remainder when s is divided by 27?
26
Let q(g) = 7*g**3 + 3. What is the remainder when q(2) is divided by 31?
28
Let z be 21*(-4)/(36/51). Let i = z + 177. Calculate the remainder when i is divided by 15.
13
Suppose -4*c + 0*c = 0. What is the remainder when c + 0 + (2 - -31) is divided by 17?
16
Suppose -2*i + t - 3*t = -6, 0 = 2*i + 3*t - 4. Calculate the remainder when 18 is divided by i.
3
Let l(g) = g**2 - 6*g + 6. Let f be l(6). Let w(a) = f - 4*a - 1 - 1. What is the remainder when w(-3) is divided by 6?
4
What is the remainder when 60 + 2 + (-3 - -5) is divided by 22?
20
Suppose -528 = -24*i + 8*i. Calculate the remainder when 58 is divided by i.
25
Suppose 0 = -3*d - 1 + 7, -w = d - 7. Suppose -w*o + 49 = -71. What is the remainder when o is divided by 13?
11
Suppose -8*w = -3*w. What is the remainder when -2 + 2 + w - -8 is divided by 3?
2
Let f be (-15)/(-6)*(-2 - -6). Suppose 0*y - f = -y - q, 3*q + 5 = 2*y. Let m(b) = -6*b. What is the remainder when m(-2) is divided by y?
5
Let w = -7 - -9. Suppose b + 6 = -3*d, b = w*b - d - 6. What is the remainder when (-12)/18*(-6 - 0) is divided by b?
1
Let q(z) = z + 19. What is the remainder when q(-11) is divided by 5?
3
Let k(d) = d**3 + 3*d**2 - 3*d - 3. Let x be k(-3). Suppose -x = -5*s + 4*s. Suppose -3*f + 59 - 8 = 0. Calculate the remainder when f is divided by s.
5
Let l = 7 + -1. Suppose l*i - 4*i = 88. What is the remainder when i is divided by